) to base 9
22
Convert 67 (base 13) to base 6.
221
Convert -1 (base 14) to base 5.
-1
-112 (base 16) to base 3
-101011
What is -11 (base 6) in base 10?
-7
What is 194 (base 12) in base 8?
400
Convert -11 (base 15) to base 10.
-16
-122 (base 10) to base 13
-95
-8 (base 15) to base 11
-8
-2a (base 16) to base 4
-222
-1a (base 14) to base 8
-30
What is 32 (base 5) in base 4?
101
What is 11 (base 14) in base 13?
12
Convert -32 (base 15) to base 13.
-38
Convert 0 (base 13) to base 9.
0
-1 (base 14) to base 5
-1
Convert -2a3 (base 11) to base 2.
-101100011
Convert -1 (base 11) to base 4.
-1
Convert 140 (base 7) to base 13.
5c
What is 1 (base 4) in base 5?
1
What is -23 (base 6) in base 4?
-33
12 (base 12) to base 4
32
122 (base 8) to base 13
64
What is -32 (base 4) in base 5?
-24
What is -6 (base 11) in base 10?
-6
-2a (base 12) to base 15
-24
1e (base 15) to base 3
1002
What is 10000 (base 3) in base 11?
74
What is 12 (base 4) in base 3?
20
What is 101011 (base 2) in base 3?
1121
Convert 5 (base 16) to base 14.
5
11d (base 14) to base 11
193
13 (base 11) to base 13
11
-41 (base 6) to base 3
-221
Convert -23 (base 5) to base 4.
-31
Convert -44 (base 6) to base 7.
-40
What is 26 (base 13) in base 10?
32
What is -21 (base 14) in base 16?
-1d
Convert -11 (base 3) to base 4.
-10
-2 (base 8) to base 7
-2
10 (base 6) to base 10
6
What is -6 (base 8) in base 15?
-6
What is 24 (base 6) in base 11?
15
What is -1311 (base 4) in base 7?
-225
Convert -12 (base 3) to base 11.
-5
-bb (base 12) to base 6
-355
Convert -37 (base 9) to base 15.
-24
What is -224 (base 6) in base 7?
-154
What is 46 (base 7) in base 11?
31
What is -1 (base 12) in base 3?
-1
Convert 0 (base 11) to base 13.
0
What is -224 (base 5) in base 14?
-48
-17 (base 8) to base 11
-14
What is -3 (base 7) in base 11?
-3
169 (base 10) to base 4
2221
What is a (base 14) in base 12?
a
-8 (base 14) to base 3
-22
322 (base 7) to base 9
201
What is 19 (base 12) in base 4?
111
-160 (base 14) to base 10
-280
What is -3 (base 11) in base 7?
-3
What is -12 (base 6) in base 8?
-10
What is 100 (base 2) in base 3?
11
10000 (base 2) to base 10
16
235 (base 8) to base 7
313
What is 4 (base 6) in base 11?
4
What is 101010 (base 2) in base 7?
60
4 (base 15) to base 2
100
What is 86 (base 13) in base 5?
420
What is -111 (base 9) in base 5?
-331
-51 (base 8) to base 12
-35
Convert 21 (base 12) to base 4.
121
What is 32 (base 6) in base 13?
17
Convert 21200 (base 3) to base 12.
153
-50 (base 8) to base 7
-55
Convert -10 (base 11) to base 13.
-b
Convert 45 (base 8) to base 11.
34
45 (base 15) to base 6
145
Convert -110 (base 2) to base 14.
-6
2 (base 4) to base 11
2
Convert -117 (base 14) to base 16.
-d9
-1012 (base 3) to base 10
-32
-25 (base 8) to base 4
-111
Convert -1110100 (base 2) to base 11.
-a6
Convert -64 (base 12) to base 8.
-114
1213 (base 4) to base 3
10211
What is 10 (base 5) in base 10?
5
What is 4 (base 15) in base 4?
10
1 (base 9) to base 11
1
5 (base 10) to base 5
10
-1011 (base 2) to base 5
-21
What is -181 (base 10) in base 6?
-501
What is 1 (base 3) in base 2?
1
Convert -40 (base 7) to base 9.
-31
10010100 (base 2) to base 11
125
What is 20 (base 3) in base 9?
6
-2202 (base 4) to base 15
-ac
2 (base 3) to base 10
2
Convert 1 (base 8) to base 6.
1
What is 3 (base 10) in base 15?
3
What is 0 (base 16) in base 4?
0
What is 2341 (base 5) in base 2?
101011010
What is -1011 (base 2) in base 4?
-23
-2 (base 6) to base 15
-2
1012 (base 3) to base 6
52
Convert 1e (base 15) to base 7.
41
-16 (base 7) to base 3
-111
-7 (base 12) to base 8
-7
-1112 (base 4) to base 10
-86
What is -10001101 (base 2) in base 3?
-12020
Convert 186 (base 12) to base 7.
501
Convert -1 (base 4) to base 3.
-1
11000 (base 2) to base 9
26
What is 0 (base 9) in base 12?
0
What is 15 (base 6) in base 14?
b
0 (base 8) to base 9
0
What is -3 (base 7) in base 15?
-3
What is -179 (base 15) in base 2?
-101010011
1c (base 16) to base 12
24
Convert 3 (base 4) to base 7.
3
Convert 71 (base 11) to base 12.
66
-29 (base 12) to base 10
-33
Convert -13 (base 9) to base 13.
-c
What is -2 (base 12) in base 16?
-2
What is -30 (base 8) in base 12?
-20
11 (base 13) to base 16
e
Convert 2 (base 11) to base 12.
2
22 (base 9) to base 8
24
What is 7 (base 10) in base 13?
7
-1000 (base 2) to base 3
-22
What is 1 (base 4) in base 14?
1
430 (base 5) to base 16
73
Convert 11 (base 3) to base 6.
4
-3 (base 11) to base 12
-3
What is 9 (base 14) in base 13?
9
What is -12 (base 16) in base 11?
-17
What is -61 (base 7) in base 3?
-1121
What is 65 (base 16) in base 11?
92
What is 3 (base 7) in base 11?
3
What is 2 (base 11) in base 14?
2
What is 6 (base 7) in base 14?
6
-7 (base 15) to base 13
-7
-47 (base 14) to base 10
-63
Convert 35 (base 10) to base 16.
23
Convert 1 (base 11) to base 3.
1
Convert -7a (base 12) to base 14.
-6a
Convert 2121 (base 3) to base 14.
50
What is -116 (base 10) in base 13?
-8c
What is 132 (base 5) in base 15?
2c
7 (base 8) to base 15
7
What is 514 (base 6) in base 2?
10111110
Convert -11 (base 15) to base 13.
-13
4 (base 7) to base 3
11
Convert -1 (base 5) to base 8.
-1
What is -22 (base 13) in base 8?
-34
Convert -320 (base 7) to base 2.
-10100001
What is -1 (base 15) in base 12?
-1
What is 12 (base 7) in base 13?
9
What is 6 (base 10) in base 6?
10
What is -102 (base 3) in base 6?
-15
What is c4 (base 13) in base 16?
a0
11 (base 5) to base 7
6
114 (base 5) to base 3
1021
Convert 43 (base 7) to base 2.
11111
1 (base 15) to base 9
1
2a (base 13) to base 9
40
-348 (base 10) to base 13
-20a
Convert 10102 (base 3) to base 15.
62
-1001101 (base 2) to base 10
-77
What is 8 (base 13) in base 15?
8
What is -3 (base 16) in base 14?
-3
Convert 68 (base 9) to base 3.
2022
-10 (base 3) to base 4
-3
-3a (base 12) to base 6
-114
11 (base 7) to base 14
8
2 (base 4) to base 8
2
Convert -21 (base 5) to base 3.
-102
Convert -333 (base 4) to base 12.
-53
3 (base 6) to base 2
11
-2 (base 9) to base 7
-2
Convert -2 (base 10) to base 11.
-2
-2 (base 11) to base 9
-2
0 (base 9) to base 3
0
What is -8 (base 12) in base 3?
-22
Convert 0 (base 2) to base 10.
0
Convert -2 (base 12) to base 15.
-2
Convert 23 (base 4) to base 8.
13
Convert 16 (base 15) to base 14.
17
-142 (base 6) to base 7
-116
What is -3 (base 10) in base 12?
-3
What is -14 (base 15) in base 14?
-15
Convert -6 (base 7) to base 12.
-6
What is -1 (base 9) in base 6?
-1
Convert -4 (base 14) to base 2.
-100
Convert b (base 13) to base 5.
21
What is -18 (base 15) in base 6?
-35
Convert -1010 (base 3) to base 16.
-1e
What is 1 (base 13) in base 5?
1
What is -545 (base 7) in base 6?
-1142
Convert 1 (base 7) to base 16.
1
Convert -13 (base 5) to base 9.
-8
What is 422 (base 6) in base 14?
b4
What is 3 (base 5) in base 3?
10
What is 6 (base 13) in base 14?
6
432 (base 9) to base 7
1013
Convert 9 (base 10) to base 15.
9
Convert 7 (base 9) to base 16.
7
What is 4 (base 16) in base 11?
4
What is 23 (base 12) in base 15?
1c
4a (base 16) to base 7
134
Convert 30 (base 14) to base 6.
110
Convert -246 (base 7) to base 6.
-340
5 (base 11) to base 15
5
-30 (base 8) to base 12
-20
Convert -88 (base 16) to base 7.
-253
What is -4 (base 7) in base 5?
-4
What is -3 (base 12) in base 6?
-3
1001 (base 2) to base 11
9
Convert 3c (base 13) to base 2.
110011
What is -a (base 11) in base 12?
-a
-16 (base 11) to base 5
-32
43 (base 7) to base 13
25
Convert -55 (base 7) to base 5.
-130
Convert -30 (base 4) to base 14.
-c
What is -13 (base 10) in base 13?
-10
Convert 10 (base 10) to base 8.
12
Convert -2310 (base 4) to base 6.
-500
43 (base 15) to base 16
3f
Convert -13 (base 14) to base 8.
-21
0 (base 10) to base 15
0
What is -9 (base 11) in base 4?
-21
What is -41 (base 14) in base 2?
-111001
Convert -2 (base 12) to base 11.
-2
Convert -1 (base 3) to base 8.
-1
What is 1000100 (base 2) in base 8?
104
Convert -3 (base 7) to base 10.
-3
What is 1220 (base 3) in base 14?
39
What is -37 (base 13) in base 2?
-101110
Convert -78 (base 16) to base 2.
-1111000
Convert -210 (base 4) to base 2.
-100100
Convert 41 (base 11) to base 5.
140
What is -1e (base 16) in base 15?
-20
What is -10 (base 12) in base 3?
-110
Convert 356 (base 8) to base 12.
17a
-320 (base 8) to base 6
-544
Convert 1e (base 16) to base 2.
11110
Convert -2 (base 11) 